the remainder when 2722 is divided by 320?
162
Calculate the remainder when 22695 is divided by 87.
75
Calculate the remainder when 524 is divided by 274.
250
Calculate the remainder when 52406 is divided by 5822.
8
Calculate the remainder when 137580 is divided by 137575.
5
Calculate the remainder when 2575862 is divided by 222.
218
What is the remainder when 26909 is divided by 232?
229
What is the remainder when 99644 is divided by 65?
64
Calculate the remainder when 91422 is divided by 115.
112
Calculate the remainder when 137055 is divided by 159.
156
Calculate the remainder when 5651 is divided by 432.
35
What is the remainder when 77885 is divided by 77845?
40
What is the remainder when 68484 is divided by 22826?
6
What is the remainder when 2398 is divided by 204?
154
Calculate the remainder when 184 is divided by 17.
14
What is the remainder when 192552 is divided by 1301?
4
Calculate the remainder when 140554 is divided by 156.
154
What is the remainder when 8175 is divided by 33?
24
What is the remainder when 3366 is divided by 33?
0
What is the remainder when 98585 is divided by 20?
5
What is the remainder when 296765 is divided by 10?
5
What is the remainder when 168925 is divided by 23?
13
What is the remainder when 993 is divided by 620?
373
What is the remainder when 10229 is divided by 53?
0
Calculate the remainder when 372 is divided by 13.
8
What is the remainder when 2934 is divided by 128?
118
What is the remainder when 137728 is divided by 45909?
1
Calculate the remainder when 425375 is divided by 633.
632
Calculate the remainder when 8934 is divided by 4419.
96
Calculate the remainder when 1618 is divided by 325.
318
What is the remainder when 1510 is divided by 66?
58
Calculate the remainder when 20312 is divided by 6770.
2
What is the remainder when 17304 is divided by 16?
8
What is the remainder when 2158 is divided by 237?
25
What is the remainder when 27355 is divided by 9096?
67
What is the remainder when 1208544 is divided by 29?
27
Calculate the remainder when 2396 is divided by 465.
71
What is the remainder when 1425 is divided by 190?
95
Calculate the remainder when 2879 is divided by 266.
219
What is the remainder when 1763 is divided by 793?
177
What is the remainder when 31708 is divided by 447?
418
Calculate the remainder when 1444 is divided by 635.
174
Calculate the remainder when 162523 is divided by 11.
9
Calculate the remainder when 25971 is divided by 78.
75
Calculate the remainder when 325622 is divided by 4.
2
Calculate the remainder when 3532 is divided by 398.
348
Calculate the remainder when 131925 is divided by 22.
13
What is the remainder when 23976 is divided by 498?
72
Calculate the remainder when 4724 is divided by 91.
83
Calculate the remainder when 5663 is divided by 5636.
27
What is the remainder when 979958 is divided by 137?
134
What is the remainder when 2320 is divided by 163?
38
Calculate the remainder when 520745 is divided by 233.
223
Calculate the remainder when 12686 is divided by 3171.
2
What is the remainder when 206908 is divided by 45?
43
Calculate the remainder when 24029 is divided by 8005.
14
Calculate the remainder when 34525 is divided by 83.
80
Calculate the remainder when 122836 is divided by 296.
292
What is the remainder when 24187 is divided by 96?
91
Calculate the remainder when 233855 is divided by 21.
20
What is the remainder when 2543 is divided by 61?
42
What is the remainder when 699664 is divided by 136?
80
Calculate the remainder when 430785 is divided by 86155.
10
Calculate the remainder when 77797 is divided by 972.
37
Calculate the remainder when 3171 is divided by 1523.
125
Calculate the remainder when 24957 is divided by 231.
9
Calculate the remainder when 109693 is divided by 71.
69
What is the remainder when 4700 is divided by 274?
42
Calculate the remainder when 134246 is divided by 1110.
1046
Calculate the remainder when 11757 is divided by 3421.
1494
What is the remainder when 47409 is divided by 11849?
13
What is the remainder when 31317 is divided by 1304?
21
What is the remainder when 377332 is divided by 101?
97
Calculate the remainder when 319366 is divided by 125.
116
What is the remainder when 2427 is divided by 2264?
163
Calculate the remainder when 3499519 is divided by 32.
31
Calculate the remainder when 1968 is divided by 195.
18
What is the remainder when 577 is divided by 40?
17
Calculate the remainder when 19806 is divided by 32.
30
What is the remainder when 158330 is divided by 390?
380
What is the remainder when 18308 is divided by 9098?
112
Calculate the remainder when 1963559 is divided by 30.
29
Calculate the remainder when 96482 is divided by 87.
86
Calculate the remainder when 776321 is divided by 774.
773
Calculate the remainder when 2063198 is divided by 73.
72
What is the remainder when 6451 is divided by 2?
1
What is the remainder when 2394172 is divided by 237?
235
Calculate the remainder when 69304 is divided by 450.
4
Calculate the remainder when 9357 is divided by 221.
75
What is the remainder when 11464 is divided by 46?
10
Calculate the remainder when 30955 is divided by 109.
108
What is the remainder when 48352 is divided by 27?
22
What is the remainder when 2883 is divided by 152?
147
Calculate the remainder when 464 is divided by 433.
31
What is the remainder when 388 is divided by 369?
19
Calculate the remainder when 23043 is divided by 134.
129
What is the remainder when 11850 is divided by 167?
160
Calculate the remainder when 317 is divided by 110.
97
Calculate the remainder when 65296 is divided by 742.
0
Calculate the remainder when 9068 is divided by 38.
24
What is the remainder when 55878 is divided by 443?
60
Calculate the remainder when 2909 is divided by 828.
425
Calculate the remainder when 2420 is divided by 117.
80
What is the remainder when 6239 is divided by 241?
214
Calculate the remainder when 5254 is divided by 776.
598
What is the remainder when 80596 is divided by 10?
6
What is the remainder when 618083 is divided by 13?
11
Calculate the remainder when 4697 is divided by 122.
61
What is the remainder when 1400 is divided by 347?
12
What is the remainder when 9429 is divided by 856?
13
What is the remainder when 16812 is divided by 112?
12
Calculate the remainder when 465 is divided by 30.
15
What is the remainder when 3928 is divided by 18?
4
Calculate the remainder when 8603832 is divided by 58.
54
Calculate the remainder when 212540 is divided by 78.
68
What is the remainder when 5233 is divided by 83?
4
What is the remainder when 3006 is divided by 1051?
904
What is the remainder when 78947 is divided by 68?
67
Calculate the remainder when 15814 is divided by 27.
19
Calculate the remainder when 59275 is divided by 114.
109
Calculate the remainder when 34521 is divided by 11505.
6
What is the remainder when 4024 is divided by 136?
80
What is the remainder when 204105 is divided by 333?
309
What is the remainder when 2290 is divided by 60?
10
What is the remainder when 22978 is divided by 469?
466
Calculate the remainder when 5326 is divided by 763.
748
Calculate the remainder when 612639 is divided by 1279.
1277
What is the remainder when 221196 is divided by 16?
12
What is the remainder when 3713 is divided by 1117?
362
Calculate the remainder when 97222 is divided by 301.
300
Calculate the remainder when 13350 is divided by 217.
113
What is the remainder when 73 is divided by 45?
28
What is the remainder when 361876 is divided by 45?
31
What is the remainder when 1520243 is divided by 396?
395
What is the remainder when 1894 is divided by 864?
166
Calculate the remainder when 9290 is divided by 488.
18
What is the remainder when 3574 is divided by 187?
21
Calculate the remainder when 218 is divided by 29.
15
Calculate the remainder when 4458 is divided by 49.
48
What is the remainder when 1530519 is divided by 415?
414
What is the remainder when 4812 is divided by 36?
24
Calculate the remainder when 8105 is divided by 21.
20
What is the remainder when 16926 is divided by 126?
42
What is the remainder when 22670 is divided by 380?
250
Calculate the remainder when 112885 is divided by 56441.
3
Calculate the remainder when 2416696 is divided by 50.
46
Calculate the remainder when 169918 